41366747 a prime number?
False
Is 2896837 composite?
False
Is 82038667 prime?
True
Is 3295199 prime?
True
Is 81492023 a prime number?
False
Is 307067 a prime number?
True
Is 3757777 a prime number?
True
Is 199151357 a prime number?
True
Is 154624562 a composite number?
True
Is 43173941 composite?
False
Is 3412549 a composite number?
True
Is 85121979 composite?
True
Is 16859281 prime?
True
Is 3736739 composite?
False
Is 651569 a composite number?
True
Is 4477181 a prime number?
True
Is 7828169 a composite number?
True
Is 271768519 a composite number?
True
Is 38933911 a prime number?
True
Is 1874987 composite?
False
Is 88261031 prime?
True
Is 3488897 a prime number?
True
Is 5505233 composite?
True
Is 6272489 prime?
False
Is 4681981 a prime number?
True
Is 10803887 a prime number?
True
Is 1359961 a prime number?
False
Is 1187437 a prime number?
False
Is 1144685641 composite?
True
Is 11395045 a prime number?
False
Is 35861087 a composite number?
False
Is 78325957 a prime number?
True
Is 6502079 a prime number?
True
Is 503335585 a prime number?
False
Is 729958 composite?
True
Is 7939063 composite?
True
Is 100819 composite?
True
Is 192846659 a prime number?
True
Is 1308577 a prime number?
False
Is 221471147 prime?
True
Is 12232417 a prime number?
False
Is 1008181 composite?
False
Is 141851 a composite number?
False
Is 4309069 a prime number?
True
Is 164951833 prime?
False
Is 6270001 prime?
True
Is 931781 prime?
True
Is 3850043 a prime number?
True
Is 253343497 composite?
True
Is 154103969 a composite number?
False
Is 32211763 a prime number?
True
Is 6078797 a composite number?
False
Is 22900927 prime?
False
Is 60627659 a prime number?
True
Is 4978601 prime?
False
Is 198080723 composite?
False
Is 11199745 composite?
True
Is 2593421 prime?
True
Is 216130391 prime?
True
Is 8516041 a prime number?
False
Is 27773329 prime?
False
Is 20516633 composite?
True
Is 78638389 a composite number?
True
Is 15538489 composite?
False
Is 32292383 a prime number?
False
Is 8535083 a prime number?
True
Is 8725803 prime?
False
Is 2407511 a prime number?
False
Is 1378691 prime?
True
Is 302311 a prime number?
False
Is 400094369 a prime number?
True
Is 7375453 prime?
False
Is 328832761 a prime number?
False
Is 7860209 composite?
True
Is 10144865 a prime number?
False
Is 3430157 a composite number?
True
Is 5389427 a prime number?
True
Is 5032649 a composite number?
False
Is 4829227 a composite number?
True
Is 153671783 composite?
True
Is 2399869 composite?
False
Is 1188931 prime?
True
Is 117026261 a prime number?
False
Is 4535989 a prime number?
True
Is 2594993 a composite number?
True
Is 17951317 a composite number?
True
Is 833263 composite?
True
Is 100179857 composite?
False
Is 114974707 prime?
True
Is 35229421 composite?
False
Is 215407763 prime?
True
Is 500668123 composite?
False
Is 4076017 prime?
False
Is 153836743 a prime number?
True
Is 31262071 a composite number?
False
Is 47937293 a prime number?
False
Is 91774877 a composite number?
False
Is 161219 a composite number?
True
Is 6162739 a prime number?
False
Is 29735921 a composite number?
False
Is 3238379 prime?
False
Is 7329151 a prime number?
True
Is 997621487 prime?
False
Is 22991945 a prime number?
False
Is 3210643 prime?
True
Is 1174949 composite?
False
Is 7639549 prime?
True
Is 23761351 composite?
True
Is 607471 composite?
False
Is 2432219 prime?
True
Is 100637921 prime?
True
Is 80388833 prime?
False
Is 187727 composite?
True
Is 536053 a prime number?
False
Is 16052903 prime?
True
Is 305818649 prime?
False
Is 480835 prime?
False
Is 82949883 a composite number?
True
Is 299921077 composite?
False
Is 19058393 composite?
False
Is 124934951 prime?
False
Is 70637797 prime?
True
Is 9692741 a prime number?
True
Is 103331 a prime number?
False
Is 1122893 prime?
False
Is 13895629 prime?
False
Is 1349261 a composite number?
True
Is 10368671 prime?
False
Is 828475693 composite?
False
Is 80794543 composite?
False
Is 4919621 a composite number?
True
Is 190262 prime?
False
Is 5338421 a prime number?
False
Is 96821533 composite?
True
Is 6402155 composite?
True
Is 177049 a composite number?
True
Is 435477247 a prime number?
True
Is 15701111 a prime number?
False
Is 15121403 prime?
False
Is 169555 a prime number?
False
Is 106042249 prime?
False
Is 2543551 a prime number?
True
Is 9138782 a composite number?
True
Is 17131187 prime?
True
Is 280413545 composite?
True
Is 34961 prime?
True
Is 120277 prime?
True
Is 3895237 prime?
False
Is 20987909 prime?
False
Is 62065023 prime?
False
Is 10215053 a composite number?
True
Is 5185589 a prime number?
True
Is 72587893 prime?
False
Is 1987217 prime?
True
Is 7490069 a prime number?
False
Is 3261703 prime?
True
Is 604801 prime?
True
Is 100239539 prime?
True
Is 6165911 a composite number?
False
Is 3512809 a prime number?
False
Is 11565209 prime?
True
Is 693456427 a composite number?
False
Is 367872445 composite?
True
Is 215105963 prime?
False
Is 48467 a prime number?
False
Is 116386313 prime?
True
Is 112455601 a prime number?
True
Is 709239829 a prime number?
True
Is 103169765 prime?
False
Is 401299211 a composite number?
False
Is 1707715 prime?
False
Is 4037797 composite?
False
Is 2629279 composite?
True
Is 2118203 prime?
False
Is 33429523 prime?
True
Is 3836659 composite?
True
Is 577902859 a prime number?
True
Is 12725971 a prime number?
True
Is 40547213 composite?
True
Is 1057853 composite?
False
Is 7030561 prime?
True
Is 5032523 a prime number?
False
Is 74096171 a composite number?
True
Is 20093191 composite?
True
Is 586241 a composite number?
True
Is 6643487 a prime number?
True
Is 3341687 a composite number?
False
Is 9866711 a prime number?
False
Is 21092501 a prime number?
True
Is 103530823 prime?
False
Is 1252451 prime?
True
Is 35782741 a composite number?
False
Is 48707851 prime?
False
Is 17598781 composite?
False
Is 112775623 prime?
True
Is 18242129 a composite number?
False
Is 93131783 a prime number?
True
Is 11829667 a composite number?
False
Is 42694943 composite?
False
Is 6664621 composite?
True
Is 191297 prime?
True
Is 6601687 a composite number?
True
Is 1399427 a prime number?
True
Is 4577153 composite?
True
Is 289806061 composite?
False
Is 1139539 composite?
False
Is 14528651 composite?
False
Is 8807629 a prime number?
True
Is 3516403 composite?
True
Is 4597267 a prime number?
False
Is 4471 a prime number?
False
Is 8551417 a composite number?
True
Is 28832441 composite?
True
Is 1769849 a prime number?
False
Is 34497187 a prime number?
True
Is 101378371 a prime number?
True
Is 28239679 composite?
True
Is 939821 a composite number?
True
Is 188567 prime?
False
Is 519083 composite?
False
Is 4929491 a prime number?
False
Is 5927213 composite?
False
Is 314905247 prime?
True
Is 21691963 prime?
True
Is 74397281 composite?
True
Is 136182191 prime?
True
Is 174617 a prime number?
True
Is 37012537 composite?
False
Is 420120811 a prime number?
False
Is 26921 a prime number?
True
Is 28631293 a composite number?
False
Is 6000259 prime?
False
Is 80983117 composite?
False
Is 203209771 prime?
False
Is 25389142 a composite number?
True
Is 46792987 prime?
False
Is 5600203 a prime number?
False
Is 577506063 a prime number?
False
Is 13876171 composite?
False
Is 16384085 a composite number?
True
Is 7786055 a prime number?
False
Is 88530499 prime?
True
Is 17961383 composite?
True
Is 6090937 a prime number?
False
Is 4761763 prime?
True
Is 20080505 a composite number?
True
Is 911654 a prime number?
False
Is 2493707 prime?
True
Is 1778273 a prime number?
False
Is 319298009 a prime number?
False
Is 11536177 a prime number?
True
Is 150712717 composite?
False
Is 1326881 prime?
True
Is 45646385 prime?
False
Is 87891 a prime number?
False
Is 16796149 prime?
False
Is 1710811 a composite number?
True
Is 133153 a composite number?
False
Is 8161703 a composite number?
True
Is 4200073 a composite number?
False
Is 19847479 composite?
False
Is 23804591 prime?
True
Is 4525177 a prime number?
True
Is 9511477 composite?
False
Is 412240921 a composite number?
False
Is 9046274 a prime number?
False
Is 80103901 a composite number?
False
Is 7319327 a prime number?
False
Is 460499437 prime?
False
Is 27508813 composite?
True
Is 1631951 a prime number?
True
Is 63627833 composite?
False
Is 1115701 a composite number?
Fals